et b(z) be the second derivative of -z**5/20 + z**4/2 - z**3/2 - 5*z**2/2 - z. Let k = -1753 + 1758. Determine b(k).
5
Let c = 16 + -14. Let r(z) = 7*z - 5. Let o(s) = s - 6. Let u(b) = 1. Let n(j) = o(j) + 5*u(j). Let g(w) = c*n(w) - r(w). Determine g(2).
-7
Let a(t) = t**3 + 10*t**2 + 10*t + 22. Let f be (-10 - -12 - -7)*-1. Determine a(f).
13
Let z(d) = d**3 - 5*d**2 + 4*d - 5. Let o(x) = -x**3 + 19*x**2 - 40*x + 106. Let n be o(17). What is z(n)?
-5
Suppose 4*a - v = -2*v - 42, a - v = -8. Let o = -11 - a. Let b(i) = -2*i**3 + i**2. Give b(o).
3
Let q(s) = -s**2 + 2*s + 2. Suppose 6*a - 2 = 4*a. Let r(b) = b**3 + b - 1. Let t be r(a). Suppose -13 = -3*l - t. What is q(l)?
-6
Let d(g) = -15*g - 7. Let i(j) = -7*j - 3. Let t(z) = 6*d(z) - 13*i(z). Let n be 70/21*(-36)/20. Let h(q) = 3*q + 14. Let f be h(n). Give t(f).
-7
Suppose 9*s - 14 = 4. Let g(h) = -5 - 54*h**2 - h**3 + 3*h + 97*h**2 - 46*h**s. Calculate g(-4).
-1
Let n(b) = -3*b - 12. Let f be n(-7). Suppose 0 = -4*v, -2*z - z - 3*v + f = 0. Let p(t) = -2*t**2 - z - 6 + 5 - 7*t. Give p(-4).
-8
Let r(b) = 2*b**2 - 6*b + 1. Let p(h) be the third derivative of -h**6/120 + 2*h**5/15 + h**4/24 - 2*h**3/3 - 14*h**2. Let k be p(8). Give r(k).
9
Let d(b) be the first derivative of -b**3/3 - 3*b**2 + 11*b - 18. What is d(-9)?
-16
Let f(r) = -2*r + 16. Let g be f(7). Let q(u) = 2*u + u - g*u - 2. Give q(6).
4
Let s be 0/(0 + -1 + 3). Let b(q) = 29*q**2 + 6 - 28*q**2 + 4*q + s*q. Calculate b(-4).
6
Suppose 4*v + 31 = 27. Let f(c) = 10*c - 1. Let s(g) = -21*g + 2. Let y(z) = 5*f(z) + 2*s(z). Calculate y(v).
-9
Let b(v) = -v**2 - 4*v + 3. Suppose -70*y + 72*y = -18. Let s(h) = 6*h + 50. Let c be s(y). What is b(c)?
3
Let r(f) = 25*f**3 - 2*f - 1. Suppose -3*j - 5*z - 15 = -8*j, j + 5*z + 21 = 0. Determine r(j).
-24
Let r = -38 + 54. Suppose 4*o - 16 = g, 4*o + 3*g - 2*g = r. Let f(u) = -u**2 + 3*u - 2. Calculate f(o).
-6
Let w = 24 - 18. Let p(o) = -o**2 - 2 - w*o - 1 + 5. Calculate p(-5).
7
Let p(f) = -7*f + 5 + f**2 - 3 + 4 - f. Suppose 6*x - 133 + 97 = 0. Determine p(x).
-6
Let s(u) = 2*u**2 + u**3 - 14 + 62 - 23 - 23 - u - 3*u**2. Let t be (-2)/(-6)*0 - 0. Give s(t).
2
Let k(o) = 11*o**2 - 20*o - 75. Let m(y) = 5*y**2 - 10*y - 35. Let w(u) = -4*k(u) + 9*m(u). What is w(11)?
-4
Let i(n) be the second derivative of 1/6*n**4 + 8*n - n**2 + 1/2*n**3 + 0. Determine i(-3).
7
Suppose 0 = -2*c - t - 7, 160*c - 163*c + 3*t = 15. Let s(h) = -2 + 5 - 5*h - h**2 - h. Give s(c).
11
Let c(l) = 1075*l - 9 - 1076*l + 1. Determine c(6).
-14
Let y(l) = -3*l**2 - 12*l + 13. Let i(a) = 8*a**2 + 35*a - 38. Let s(n) = 4*i(n) + 11*y(n). Calculate s(6).
3
Let b(y) = -y**3 + 8*y**2 - 12*y - 3. Let v(a) = -a**3 + 6*a**2 - a + 12. Let h be v(6). Let g be b(h). Let w(i) = -i**3 - 2*i**2 + 2*i - 1. Calculate w(g).
2
Let t be 4 - ((-20)/(-4) + -3)/2. Suppose -t*n + 2 = 8. Let y(u) = 2*u**3 + 3*u**2 + 3*u + 2. Determine y(n).
-8
Let x(w) = -w**2 + 7*w - 7. Suppose -90 = 19*s - 10*s. Let m = 6 + -11. Let t = m - s. Determine x(t).
3
Let t(b) be the third derivative of -b**4/24 + b**3/3 - b**2 - 31*b. Give t(1).
1
Let g(l) = -1 + 18*l - 16*l**2 + 18 + 8035*l**3 - 8036*l**3. Give g(-17).
0
Let v(i) = -i**3 - 20*i**2 - 18*i + 25. Let h be v(-19). Let q(t) = -12*t - h + 12 - 5*t**2 + t**3 + 2*t - 4*t**2. Determine q(10).
6
Let b(z) = -6*z - 233. Let c be b(-38). Let d(s) = -s**2 + s - 5. Give d(c).
-35
Let m(k) be the first derivative of -k**3/3 + 7*k**2/2 - 4*k + 8. Suppose -28 = 8*g - 12*g. Calculate m(g).
-4
Let u(a) = a**3 + 6*a**2 - 3*a - 4. Let z be (-1)/2 - (-28)/8. Let o be (z*3)/((-5)/(-10)). Suppose -o = 2*x + x. Give u(x).
14
Let s(o) be the second derivative of -o**3 + o**2/2 + 4*o. Let q be (4 - 4)/(-2 + 1). Suppose 6*x - 9*x + 9 = q. Determine s(x).
-17
Let v(o) = -14*o**2 + 16*o - 1. Let d(b) = -6*b**2 + 8*b - 1. Let m(j) = 5*d(j) - 2*v(j). Give m(6).
-27
Suppose 5*f = -4*g - 62 - 17, -g = 5*f + 1. Let v(r) = -r**3 - 26*r**2 - r - 33. Let j be v(g). Let t(i) = -i**2 - 4*i + 7. Give t(j).
-14
Let i = 459 + -452. Suppose 2*o = -3*n + 1, 5*o - 2*n = n + 13. Suppose g + 23 = 5*k - 3*g, i = k - o*g. Let s(h) = -h - 4. Determine s(k).
-7
Let k(b) = -11*b. Suppose -w - 2*i = 1, 2*w + i + 123 - 130 = 0. Calculate k(w).
-55
Let w(k) be the third derivative of 5*k**7/1008 - k**6/720 - 4*k**5/5 - 47*k**2. Let v(r) be the third derivative of w(r). Calculate v(-1).
-26
Suppose 9*b - 44 = 13*b. Let x(f) = -f - 11. Determine x(b).
0
Let t = -15 + 19. Let j(m) = -2*m + 3*m**3 + t*m**3 - 6*m**2 - 9*m**3 + m**3. Let p be -6 + 1*(-1 + 1). Give j(p).
12
Let t(i) = -i**2 - 5*i - 8. Let z be ((-19)/57)/((-2)/90). Let r be 8*-6*(2 - z/8). Determine t(r).
-14
Let d(u) = -u**2 + 4*u - 4. Suppose -5*o = -5*b - 25, -11 = -3*o + b - 0. Let m = -12 - -12. Suppose m = -0*z - o*z + 12. Determine d(z).
-4
Suppose 3*g - 17 = -2. Let a = 9 - g. Let z(k) = 3*k**3 + 5*k**2 - k - 6. Let r(o) = 7*o**3 + 10*o**2 - o - 13. Let n(u) = -4*r(u) + 9*z(u). Calculate n(a).
-6
Let t(i) be the second derivative of -i**5/20 - i**4/12 + 7*i**3/6 - i**2/2 + 55*i. Give t(-3).
-4
Suppose 1753*s - 12 = 1756*s. Let b(d) = -3*d + 20. Let u(q) = -q + 7. Let o(k) = 6*b(k) - 17*u(k). Determine o(s).
5
Let y(w) = 18 + 2*w**2 - 5*w**2 - 6*w - 26 + 13 + 4*w**2. Give y(5).
0
Let t(b) be the second derivative of -b**4/12 + 5*b**3/3 - 9*b**2/2 - 14*b - 2. What is t(8)?
7
Let u(r) = -r + 18. Let v be u(15). Let l(z) = -21*z**2 + 5*z**2 + z**3 - 1 + 5*z**2 - z + 10*z**2. What is l(v)?
14
Let n(w) = 5*w - 5. Let y(v) = 66*v - 66. Let u(f) = -27*n(f) + 2*y(f). Let s be (-4)/(-14) + (-12)/(-7). Let i be u(s). Let r(x) = x + 2. Calculate r(i).
-1
Let o(m) be the third derivative of -m**6/120 + m**5/20 - 5*m**4/24 + m**3/2 - 2*m**2 - 7. Give o(3).
-12
Let u(x) = -x**3 - 8*x**2 - 11*x + 4. Let k(w) = w**2 + 11*w - 216. Let y be k(-21). Give u(y).
-2
Let x be ((-60)/24)/(5/(-4)). Let c(b) = 7*b**2 - 9*b - 1. Let d(j) = j - 13*j - 2 + 15*j**2 - 7*j. Let w(v) = 13*c(v) - 6*d(v). Give w(x).
-3
Let n = -7 + 6. Let q(u) be the first derivative of u**5/5 - u**4/24 - u**3/6 - 3*u**2 - 6. Let k(v) be the second derivative of q(v). What is k(n)?
12
Let s(z) = z**2 - 7*z - 8. Let u be (-13)/2 - 1/(-2). Let h be 1*1/1*(1 - u). What is s(h)?
-8
Let d(k) be the third derivative of k**6/120 + 2*k**5/15 - 5*k**4/12 - 3*k**3 - 17*k**2 + 12. What is d(-9)?
-9
Let n(t) = 4 - t - 6*t - 9*t - 32 + 18*t. Give n(14).
0
Suppose 0 = -2*p - 2*s - 42, 3*p - 4*s + 72 = p. Let o be (-264)/32 + -3 + p/(-8). Let t(n) = n**2 + 10*n + 6. Determine t(o).
-10
Let u(z) = z**2 - z - 1. Let h(w) = -2*w + 5. Let y be h(4). Let g be (-3 - 18/y)/3. Let i = 2 + g. What is u(i)?
5
Let r(a) = -a**3 + 9*a**2 - 8*a + 1. Let h = -1606 - -1614. What is r(h)?
1
Suppose -27 = 3*h - 4*l, 0 = -4*l + 5 + 7. Let b(s) = 2*s**2 + 10*s + 1. Let o be b(h). Let t(p) = 0 + 3*p**2 + p + 0. Determine t(o).
4
Let s be (-130)/(-18) - ((-24)/(-108) - 0). Let h(t) = t**3 - 8*t**2 + 9*t - 8. Give h(s).
6
Let b(t) = 2*t + 1. Let a = -5 + 16. Let q = -10 + a. Determine b(q).
3
Let w(o) = -2*o**3 + o**2 + o + 4. Let b(t) = t**3 - 20*t**2 + 74*t + 5. Let g be b(5). Calculate w(g).
4
Let i(h) = h**3 + 9*h**2 - 9*h - 2. Let k be 184/(-18) + (-2)/(-9). What is i(k)?
-12
Let s(b) be the third derivative of -b**5/30 + 7*b**4/12 + 2*b**3/3 - 7*b**2 - 35*b. What is s(6)?
16
Let p(l) = l**3 - 6*l**2 + 4*l + 2. Suppose 4*z - 26 = -138. Let o = 32 + z. Determine p(o).
-14
Suppose -4*n + 5 = -3. Suppose n*c - 5*l - 6 = 0, -5*c - l + 44 = l. Suppose 0 = -5*w - c - 17. Let m(a) = -a**3 - 5*a**2 - a + 1. Give m(w).
6
Let v(i) = -10227*i**3 + 1 + 10220*i**3 + 2*i + i**2 + 0*i**2. Calculate v(-1).
7
Let u(j) = -j - 2*j**2 + j - 1 + 7*j**3 + 2*j. Suppose 9*f = 2*y + 4*f + 15, -5*f = 5*y + 55. Let n = 11 + y. Determine u(n).
6
Let j(t) be the second derivative of -2*t**3/3 - 12*t**2 - 2*t + 18. Determine j(-7).
4
Let s(b) = -12*b**2 + 0*b**3 + 1 + b**3 - 6. Let m be s(12). Let d(z) = 2*z**2 + 4*z**2 + 6*z - 15 - 5*z**2 + 14. Give d(m).
-6
Let r(f) = 0*f + f + 0 - 1. Let m = 172 - 176. Determine r(m).
-5
Suppose 43*b = 40*b + 6. Let d(i) = 2*i**3 - i**2 - i. Determine d(b).
10
Let z(f) = 2*f**2 - 3*f. Let d = -10 + -6. Let u = d - -19. Suppose -u*s - 5*c - 9 = 0, 8 = -2